(6 - -2). Suppose -5*v + 5*h + 60 = 0, -v + 4*h + 3 = -n. List the prime factors of v.
3
Let r(j) = 5*j**2 - j. Let b(n) = -2*n. Let t be b(1). Let c be t/3*6/4. What are the prime factors of r(c)?
2, 3
Suppose -2*t + 2*w + 26 = 0, 2*w = -2*t - 2*w + 2. What are the prime factors of (1 - t)*(-4 + 3)?
2
Let d(r) = -r**2 + 4*r + 1. Let a be d(4). Suppose -s + 5*f = -2*s - 8, 2*s - 5*f = -a. What are the prime factors of (45/(-6))/(s/4)?
2, 5
Let d(a) = -3*a**2 - a + 130. List the prime factors of d(0).
2, 5, 13
Let o(d) = 4*d**2 + 5 - 5 + 4*d**2 - d. List the prime factors of o(-1).
3
Let o(z) = z**2 + 5*z - 4. List the prime factors of o(-12).
2, 5
What are the prime factors of (50/(-35))/(-5) - (-964)/7?
2, 3, 23
Let p = -156 - -329. What are the prime factors of p?
173
Suppose -d + 71 - 19 = t, -4*d + 3*t + 229 = 0. Let v = -29 + d. Suppose -l + 3*l = v. List the prime factors of l.
13
Let q = 17 + 233. List the prime factors of q.
2, 5
Let b = 184 - 115. What are the prime factors of b?
3, 23
Let c(o) = -o**2 - 3*o + 13. Let x(q) = -q**2 - 4*q + 12. Let s(f) = f**2 - f - 4. Let k be s(0). Let l(i) = k*c(i) + 5*x(i). List the prime factors of l(-8).
2
Let p = 460 + -177. What are the prime factors of p?
283
What are the prime factors of 108 - 0/(-2 + -2 + 2)?
2, 3
Let r = 70 - 39. List the prime factors of r.
31
Let x(p) = p**3 - 2*p - 1. Let b be x(-2). Let w be 3*3*b/(-15). Suppose 0 = -3*m + 5*t + 13, 0 = -2*m + m - w*t + 9. List the prime factors of m.
2, 3
List the prime factors of 996/33 + (-4)/22.
2, 3, 5
Suppose -2*j - 2 + 6 = 0. List the prime factors of j.
2
Let g = 27 - 9. Let m be (-1)/(-6) + 87/g. List the prime factors of (-11)/(-1) - (2 - m).
2, 7
List the prime factors of 15/(-10) + 145/2.
71
Suppose 0*r = -5*r + 190. What are the prime factors of r?
2, 19
Suppose 8*h = 95 + 25. List the prime factors of h.
3, 5
Let d be 0*3/3 + -3. Let p be (d + 2 - -17)/2. Let i(y) = y**2 - 9*y + 10. What are the prime factors of i(p)?
2
List the prime factors of (-18)/(-5) - (-6)/15.
2
Let r = 136 + -80. What are the prime factors of r?
2, 7
What are the prime factors of 53 + (42/24 - 1/(-4))?
5, 11
Let g(d) = -d + 11. Let p be g(8). Suppose p + 0 = -y. List the prime factors of 9 + (-3)/y*-2.
7
Suppose -18 = -5*h + 12. Let j = -3 + h. Suppose -4*q = -3*f - 35, j*q - 33 = 2*f - 8. List the prime factors of q.
5
Let v be 1/(2/6) + 1. Suppose -5*k + v*h = -30, 0 = h - 4*h. What are the prime factors of k?
2, 3
Suppose 0 = -t - v + 44, -5*v - 3 = -2*v. Suppose 0*x + t = 5*x. What are the prime factors of (3/x)/(1/33)?
11
Let k be 42/(-9) + (-4)/(-6). List the prime factors of (-12)/(-6)*k/(-2).
2
Let x = 15 + 9. Suppose -9*y = -7*y - x. List the prime factors of y.
2, 3
Let j(d) = -d**2 - 8*d - 4. Let l be j(-5). Suppose -u + 0 + l = 0. What are the prime factors of u?
11
Let d(a) = 2 - 3 - 2 + 4*a. What are the prime factors of d(2)?
5
Let t(f) = -1. Let m(g) = 2*g + 14. Let h(j) = -m(j) - 5*t(j). Let q(l) = -2*l**2 + 2*l - 2. Let i be q(2). What are the prime factors of h(i)?
3
Suppose 3*s - 6 = -0*s. Suppose 0 = -3*l - 3*m + 81, 2*l - s*m = -6*m + 46. List the prime factors of l.
31
Suppose -j + 5*x + 2 = -2*j, -j - 3*x - 2 = 0. Let f = j + 16. What are the prime factors of f?
2, 7
List the prime factors of 3/(-6)*48*-2.
2, 3
Let t(q) = -9*q**2 + 13*q + 11. Let o(h) = 4*h**2 - 6*h - 5. Let n(g) = 7*o(g) + 3*t(g). Let u be n(3). List the prime factors of (-21)/(-6)*(4 + u).
7
Let i = -73 + 188. What are the prime factors of i?
5, 23
Let i be (22/(-4))/(8/(-16)). Let c = -7 + i. List the prime factors of c.
2
Suppose 50 - 350 = -5*x. List the prime factors of x.
2, 3, 5
Let w(t) = -173*t + 169*t - 2 - 1. What are the prime factors of w(-2)?
5
Let w(q) = -q + 5. Let i be w(0). Suppose -72 = 2*j - i*j. List the prime factors of j.
2, 3
Let s = -9 + 13. List the prime factors of s/(-6)*(-162)/12.
3
Let j(h) = -h**3 - 7*h**2 - 9*h - 18. Let a be j(-6). Suppose a = -o + 8 + 10. What are the prime factors of o?
2, 3
Let d = 104 + -64. What are the prime factors of d?
2, 5
Let u be (-6)/(-24) + (-71)/(-4). List the prime factors of 80/36 - 4/u.
2
Let x(n) = 34*n**3 - n. Let l be (-2)/(-6) + (-8)/(-12). List the prime factors of x(l).
3, 11
Let j = 34 - -35. What are the prime factors of j?
3, 23
Suppose 0 = 4*i - 53 - 295. What are the prime factors of i?
3, 29
Let p(j) = j**2 - 2*j + 4. List the prime factors of p(-7).
67
Let c(y) = y**2 - 2*y + 8. Let k(d) = -d**3 + 6*d**2 - 2*d + 7. Let s be k(6). List the prime factors of c(s).
43
Suppose -8*f = 1353 - 3593. What are the prime factors of f?
2, 5, 7
Let t = 94 + -63. List the prime factors of t.
31
Let z(o) = 17*o**3 - o**2 + o. What are the prime factors of z(1)?
17
Let y(f) = -f**3 + 11*f**2 - 13*f - 5. List the prime factors of y(7).
2, 5
Suppose -i + 5*v = -42, -5*i - 2*v - 59 + 161 = 0. What are the prime factors of i?
2, 11
Suppose 2*y = -4, 2 = -2*i - 3*y - 0. Suppose -2*o + v = 1, -3*o = -i*v + 7*v - 5. Let b(t) = t**3 - t + 10. What are the prime factors of b(o)?
2, 5
Let c = 894 - 1279. List the prime factors of c/(-21) - 1/3.
2, 3
Suppose 2*m - 4*t - 64 = 0, 3*m + 2*m - t - 115 = 0. What are the prime factors of m?
2, 11
Let d = -7 + 10. Suppose c + r = 23, -d*r = -1 - 2. What are the prime factors of c?
2, 11
Let y(q) be the third derivative of -q**6/120 + q**5/10 - q**4/4 + 7*q**3/6 - 3*q**2. List the prime factors of y(5).
2
Let z be (-2)/((1 - 2)*2). Suppose y - z = 1. Suppose 0 = y*b - 5*b + 42. What are the prime factors of b?
2, 7
Suppose 0 = n - 3*n + 38. List the prime factors of n.
19
Let u(s) = -3 + 2*s + s**2 + 1 + 3*s**2. What are the prime factors of u(2)?
2, 3
Let f(v) = -10*v + 9. List the prime factors of f(-4).
7
Let g(y) = 6*y**3 + 2*y**2 - 2*y. List the prime factors of g(2).
2, 13
Let f = -26 + 42. What are the prime factors of f?
2
Suppose 150 = -0*h - 2*h. Let v = 118 + h. List the prime factors of v.
43
Let a(v) be the second derivative of v**7/2520 - v**6/240 - v**5/40 + v**4/3 + v. Let c(j) be the third derivative of a(j). List the prime factors of c(5).
7
Suppose -8 = 5*c + 22. Let l = c - -6. Suppose 0 = -0*i + 3*i + j - 17, 5*i + 5*j - 45 = l. List the prime factors of i.
2
Let p = 14 - 22. Let y be 7*-20*6/p. Suppose -n - 4*n = -y. List the prime factors of n.
3, 7
Let x be 6/6 + 320/2. Let q = x + -112. What are the prime factors of q?
7
Let r(x) = -x**3 - 15*x**2 - 17*x - 34. What are the prime factors of r(-14)?
2
What are the prime factors of (-4)/(-6) + 1846/39?
2, 3
What are the prime factors of (2 - -1)/((-9)/(-201))?
67
Let m = 11 - 3. List the prime factors of ((-13)/(-4))/(m/64).
2, 13
What are the prime factors of (80/32)/((3/(-174))/(-1))?
5, 29
Suppose -2*j = x - 3*x - 212, x = 5*j - 534. What are the prime factors of j?
107
Suppose -4*p + y + 61 = 0, -y = p + 3*y - 28. Suppose -4 = -f + p. What are the prime factors of f?
2, 5
Suppose -3 = -5*s + 57. What are the prime factors of s?
2, 3
Let x be (4/16 + -1)*-4. Let y(z) = 0*z + 0*z - 3 + 3*z. List the prime factors of y(x).
2, 3
What are the prime factors of 111/2*(-68)/(-51)?
2, 37
Suppose -3*p + 2*f + 43 = -0*p, -3*p + 23 = 2*f. List the prime factors of p.
11
Suppose 3*h + 4 = h. Let z = 7 + h. List the prime factors of z.
5
Suppose 0*c - 10 = -2*c. List the prime factors of 1*(-1 - c/(-1)).
2
Let v(k) = -k + 4. Let t be v(-4). Suppose 4*p + 92 = t*p. List the prime factors of p.
23
Let s be (-6)/9 - 42/(-9). Suppose -3*t + s*l = -0*t - 72, -3*l + 120 = 5*t. List the prime factors of t.
2, 3
Suppose 0 = -0*s - 2*s. Suppose 5*f - 30 = 5*i, s*f + 5*i - 19 = -2*f. Let r = 15 + f. What are the prime factors of r?
2, 11
Suppose 14 = -0*w - 2*w. Let q(t) = -t**3 - 7*t**2 - t - 9. Let a be q(w). What are the prime factors of (2 - -11)/(a - -3)?
13
Let m = 11 + -9. Suppose -4*p + 108 = -m*h, -p + 3*h + 21 = h. What are the prime factors of p?
29
Suppose 4*c + 325 = 3*k, 3*c + 41 = -5*k + 602. List the prime factors of k.
3, 37
What are the prime factors of ((-375)/(-20))/(6/16)?
2, 5
Let q be 231/15 + (-2)/5. Suppose 5*l - q = -0*l. Suppose 2*y - 24 = -2*z, -3*z - l*y = z - 43. List the prime factors of z.
7
Let k(i) = -2*i + 1. Let r be k(1). List the prime factors of 2 - r - (-175)/7.
2, 7